18
Let l(t) = t**3 - 6*t**2 + t + 6. Let z(g) = -3*g**3 + 17*g**2 - 3*g - 17. Let q(o) = 17*l(o) + 6*z(o). Let i be 6 + -2*(-70)/(-20). Calculate q(i).
2
Let s(u) = u - 7. Let m be (-4)/(-12)*2*9. Suppose 0*p - m*p = -48. Determine s(p).
1
Let j(y) = -6*y**2 + 2 + 6 - 7 + 2*y**2 + 2*y + 5*y**2. Let n be 0/2 - (-1 - -2). Determine j(n).
0
Let n(x) = -2*x + 7. Let b = -19 + 21. Suppose -b*i = 3*u + 10, 5*i = -0 + 20. What is n(u)?
19
Let d(j) = -10*j + 2. Suppose 3*v - 14 = -2*l, 3*v - l + 14 = 16. Give d(v).
-18
Let o(l) = -l**3 + 16*l**2 + 2*l - 28. Let p be o(16). Let a(v) = -7*v - 7*v**2 + 0*v + p*v**2 + 2*v**2 + 4. What is a(-7)?
4
Let p(u) = 15*u**3 - 40*u**2 - 3*u + 16. Let y(q) = -7*q**3 + 19*q**2 + 2*q - 8. Let z(b) = -6*p(b) - 13*y(b). Calculate z(8).
8
Let n(b) = -b**2 - 14*b + 11. Suppose -x + 5*d - 1 = 14, -4*d = 3*x + 45. Determine n(x).
-4
Let u(n) = 6 - 9 - 13 + 16 + 47*n. Give u(-1).
-47
Let c(l) be the second derivative of -l**5/20 + 7*l**4/12 - 2*l**3/3 - 7*l**2/2 + l. Suppose 264 = 112*b - 68*b. What is c(b)?
5
Suppose -3*n + 5 + 4 = 0. Let z(k) = -n + 1 + 4*k + 11*k**2 - 12*k**2. Let o(c) = c**2 - 5*c + 8. Let s be o(4). Calculate z(s).
-2
Let d(a) be the first derivative of -a**3/3 - a**2 - 19*a - 42. Let g(c) be the first derivative of d(c). Give g(-2).
2
Let f(i) = i**3 - 16*i**2 + 2*i - 33. Let y = 3 - -13. Calculate f(y).
-1
Let i(q) = -q**2 + 6*q + 2. Suppose -6*b - 36 = -54. What is i(b)?
11
Let k(i) = -19 + 2*i**3 + 3*i**3 - 6*i**3 + 22 - 3*i + 9*i**2 + 4*i. What is k(9)?
12
Let l(h) = 7*h**2 - 2*h + 1. Let j be 1*(-11)/5 + 18/90. Let s(v) = -v + 7. Let r be s(4). Let y be j*(-3)/(3 + r). Calculate l(y).
6
Let p(u) be the second derivative of -1/12*u**4 + 12 - 7/6*u**3 + 2*u + 4*u**2. Determine p(-8).
0
Let c(n) = 14*n**3 - n**2 + 1. Let t be (4/14*7/2)/(-1). Calculate c(t).
-14
Let y(w) = w + 2. Suppose 18 = -2*a + 14. Let k be (0 - a)*161/(-14). Let p = -23 - k. What is y(p)?
2
Let o(q) be the first derivative of q**4/4 + 4*q**3 + 6*q - 135. What is o(-12)?
6
Let a(i) = 90*i - 44. Let w(u) = -8*u + 4. Let j(f) = 6*a(f) + 68*w(f). Let x(h) = 0*h - 5*h + 16 - 2*h. Let b(o) = -5*j(o) + 3*x(o). What is b(6)?
2
Let o(b) = b**3 - 6*b**2 + 4*b - 3. Suppose 0 = -6*w - 5*w + 55. Determine o(w).
-8
Let t = -78 + 77. Let q be (-1 + 21/(-35))/(t/(-5)). Let k(d) = d**3 + 8*d**2 - 3*d - 9. Determine k(q).
15
Let i(s) = 4 - 1 + 21*s - 46*s - s**2 + 25*s. Let t be -4 + 3 - (-2 - -1). What is i(t)?
3
Let d(q) = 2*q + 8. Suppose 10*r - 36 = 15*r + s, 3*s = -r - 10. Determine d(r).
-6
Let q(y) be the first derivative of -3*y**2/2 + 7*y + 11. Let w(o) = 10*o - 20. Let l(h) = -7*q(h) - 2*w(h). Determine l(0).
-9
Suppose -d - 16 = -5*d. Let x(k) = d + 7*k + 9 + 2*k**2 - 3*k**2 - 1. Give x(9).
-6
Let x(w) be the third derivative of w**5/60 + 5*w**4/24 + 2*w**3/3 - 2*w**2. Suppose 8 = 4*h + 4*b, 28*h - 25*h + 5*b - 16 = 0. Give x(h).
-2
Let r(h) = h**3 + 4*h**2 - 2*h + 2. Let y(x) = -x**3 + 8*x**2 - x. Let d be y(8). Let g be 6/d - (-65)/(-20). What is r(g)?
10
Suppose -2*v + 22 = 4*d, -v - 21 = -3*d + d. Let k(h) = 2*h - 15. Let n be k(9). Let q(m) = 35*m**2 + 9 - 28*m**2 + 0*m**n - m**3 + 0*m**3 + 7*m. What is q(d)?
1
Let x(t) = t**2 + 4*t + 4. Let f be x(-4). Suppose -3 = -4*l + 17. Let i(g) = g - 1. Let d(w) = 3*w. Let z(n) = l*i(n) - d(n). What is z(f)?
3
Let r(h) = h - 5. Suppose -2*v + 2*n - 4*n = 2, 0 = -3*v + 4*n + 18. Suppose 0 = i - v. Let s be r(i). Let a(q) = -2*q + 1. Calculate a(s).
7
Let j(g) be the third derivative of 0 - 1/6*g**3 - 1/24*g**4 + 0*g + 25*g**2. Calculate j(3).
-4
Let d(u) = 0 - 3 - u**3 - 5*u**2 - 5*u + 1 + 6 + u. Calculate d(-4).
4
Suppose 0 = d - 7 + 14. Let g(q) = q**2 + 7*q - 1. Determine g(d).
-1
Let h be -9*1 + (-1 - -3). Let m be (-72)/(-42) - 2/h. Let v(d) = -3*d**2 + 6*d**2 - m*d**2 + 2 + 1. Determine v(0).
3
Let z be 1/(2 + (-19)/9). Let k(m) = 12 + 18*m + 1 - 16*m. Determine k(z).
-5
Let b(d) = 11*d + 24. Let i(u) = -5*u - 10. Let f(n) = -4*b(n) - 9*i(n). Let j = -22 + 16. Determine f(j).
-12
Let m(o) = o**3 + 4*o**2 + 4*o + 2. Suppose j = -5*v + 24, -5*v + 23 = -0*j + 2*j. Let g be 0 + (12/(-3) - j). Determine m(g).
-1
Let j(o) = -7*o + 1. Let l(s) = 4*s - 1. Let k(d) = -8*j(d) - 12*l(d). Give k(-3).
-20
Let h(r) = 2*r**2 - 3. Suppose -5*s - 61 = -46. Calculate h(s).
15
Let a(z) = 7*z**3 + z**2 + z - 1. Let c(b) = -b**3 - 3*b**2 + 3*b + 1. Let j be c(0). Calculate a(j).
8
Let a(k) = -k + 3. Let x(i) = 4*i - 9. Let r(d) = -6 + 4*d + 0*d - 3*d. Let l be r(9). Let o be x(l). Calculate a(o).
0
Let w(h) be the second derivative of -h**6/360 - h**5/40 + 5*h**3/2 - 14*h. Let d(o) be the second derivative of w(o). What is d(-4)?
-4
Suppose i = -2*z + 1, -5*z = -8*i + 9*i + 5. Let k(x) = 4*x**2 - 3*x + 7. Let n(f) = 3*f**2 - 4*f + 7. Let j(p) = 2*k(p) - 3*n(p). Give j(i).
-2
Let j(i) = i + 2*i + 7*i - 11*i. Let t(g) = 3*g + 7. Let r(v) = 6*j(v) + t(v). Let o be 1 + 5*(-3 - -4). Determine r(o).
-11
Suppose 6 + 12 = 4*l + 2*z, 3*z = l - 1. Let d(i) = i**2. Determine d(l).
16
Suppose 0 = 5*i - b - 12, -3*i - b = -i - 9. Let y(r) = -r**2 + 2*r + 1. Give y(i).
-2
Let d(y) = -5*y + 2*y**2 + 2 + 0 + 0*y + 2*y + 0. Give d(1).
1
Let h(j) = -4*j - 1012*j**2 + 1019*j**2 + 3*j. Give h(-1).
8
Let a(s) = -s + 5. Let h(z) = -z**3 + 4*z**2 - 2*z. Suppose 0 = 3*r - 13 + 4. Let j be h(r). Let n(y) = 4*y - 6. Let u be n(j). What is a(u)?
-1
Let z(b) be the first derivative of -b**2 + 2. Let u(w) = -4*w**2 - 10 + 13*w - 8*w**2 + 11*w**2. Let h be u(12). What is z(h)?
-4
Let d(r) = 2*r**2 - 45*r - 27. Let v(h) = 22*h**2 + 7*h - 6. Let n be v(1). Determine d(n).
-4
Let k(c) = c**2 - 3*c - 4. Let q be k(5). Let m(n) = -7 + 3 + 2 - 1 + q*n - n**2. What is m(5)?
2
Suppose -22*r + 45 = -13*r. Let z(l) = 0*l**2 - 2*l - 3*l - l**2 + 2 + 2*l**2. What is z(r)?
2
Let b(r) be the third derivative of 1/12*r**4 + 0*r + 0 + 1/20*r**5 + 31*r**2 - 1/6*r**3. Determine b(1).
4
Let c(f) = 4. Let x(j) = j + 42. Let w(z) = -6*c(z) + x(z). Give w(-9).
9
Let b(a) = a**2 + 5*a + 6. Let s(h) = -h**3 + 16*h**2 - 13*h + 22. Let v be s(15). Suppose v = -3*i + 5*i. Suppose 4*w + i = 10. What is b(w)?
2
Let d(q) = -q**2 + 3*q - 3. Let k(o) = 6*o**2 - 18*o + 19. Let r(c) = -26*d(c) - 4*k(c). Suppose -5*b = -0*b. Suppose b*t - t = -4. Calculate r(t).
10
Let b(g) = 4*g**3 + g**2 - 2*g + 1. Let w be b(1). Suppose -w*h = 4*h + 32. Let r(i) = -i - 2. Determine r(h).
2
Let b(i) = -i**3 - i**2 + 40*i - 30. Let s be b(-7). Let r(h) = h**3 + 15*h**2 - 17*h - 18. Calculate r(s).
-2
Let o(v) be the second derivative of v**4/12 - 7*v**3/6 - 2*v**2 + 161*v. Give o(9).
14
Let v(n) = -n**3 + 2*n**2 + n - 2. Let w be 24/5 - (-8)/(-10). Suppose -8 - 8 = -w*o. Suppose 7*p - o*p = 6. Calculate v(p).
0
Let q(u) = -5*u**2 - 7*u - 9. Let a(z) = 14*z**2 + 20*z + 26. Let s(f) = -6*a(f) - 17*q(f). Let x be (10/20)/((-1)/6). Give s(x).
9
Let p(r) = -r**2 - 11*r + 6. Suppose -51 - 92 = 13*h. Calculate p(h).
6
Let x be -3 + 68/20 + (-123)/(-5). Suppose -5*k + m - 32 = 0, -5*k - x = -2*m + 9. Let v(c) = -2*c + 7. What is v(k)?
19
Let d be 38*(-4 + 2)/(-4). Let u(o) = -22*o**3 + 1 - 2 + d*o**3. Determine u(-1).
2
Let n(j) be the second derivative of -5*j**3/6 - 3*j**2/2 - j. Let x = 17002 - 17004. Calculate n(x).
7
Suppose -4*t + 4*j - 2*j = -44, -3*t + 3*j = -39. Suppose 5*a + 117 + 11 = 4*f, t = -3*f. Let p be ((-10)/4)/(14/a). Let h(n) = -n**3 + 5*n**2 - 6. Give h(p).
-6
Suppose -3*i = -13*i - 8*i. Let k(x) be the third derivative of -9*x**2 + 1/120*x**6 - 1/2*x**3 + 1/8*x**4 + i*x + 0 - 1/30*x**5. Calculate k(2).
3
Let g(n) = -6*n - 8 + 3*n + 10*n + 5. What is g(-2)?
-17
Let i(n) be the second derivative of -n**4/24 + n**3/3 + 11*n**2/2 + 11*n. Let v(h) be the first derivative of i(h). Calculate v(-5).
7
Let c = 1 - -9. Let s be c/(-14) - 6/21. Let b(i) be the third derivative of i**4/24 - i**2. What is b(s)?
-1
Let h(b) = b**3 - 9*b**2 + 8*b + 7. Suppose -5*c - 2*v + 8 + 28 = 0, 3*c + v = 22. What is h(c)?
7
Let q(v) = v**3 + 3*v**2 - 3*v. Suppose 53 = 23*h + 7. What is q(h)?
14
Let k(r) = 12 + r**2 - 27 + 14 - 37*r**3. Calculate k(-1).
37
Let v(u) = 5*u. Suppose -83*h = -85*h + 24. Suppose -3*i = 3*f + 24, -5*i = f - 8*i - h. Calculate v(f).
-15
Let s(x) = x**3 + x**2 + x -